or of 8 and f?
4
Let k(r) = r**3 - 7*r**2 - 43*r - 9. Let b be k(11). Suppose 5*p = 2*p - b*s + 15, 0 = s - 3. What is the highest common divisor of 237 and p?
3
Suppose -12 = -3*h, -7*y = -2*y - 5*h - 1215. What is the highest common divisor of 76 and y?
19
Suppose -22*s + 18*s = 8*s - 1260. Calculate the greatest common divisor of 63 and s.
21
Let h(b) = -2*b**3 - 4*b**2 - 6*b - 11. Let w be (6/(-8))/(-4*5/(-80)). Let f be h(w). What is the highest common factor of 25 and f?
25
Let r = -1797 + 2821. What is the greatest common factor of r and 272?
16
Let x be 210/33 - (-60)/(-165). Let i be 2 + 5/(5/(-2)). Suppose 4*g - 220 = -4*d, -5*g + 267 = -3*d - i*d. What is the highest common factor of x and g?
6
Suppose -36*j = -16612 - 733628. Calculate the greatest common divisor of 40 and j.
40
Let w be (-336)/6*(-2478)/28. Calculate the highest common divisor of 84 and w.
84
Let l = -36 + 32. Let j(m) = -m**2 - 9*m - 1. Let z be j(l). Suppose -4*h + 61 = -z. Calculate the greatest common divisor of h and 80.
20
Suppose -162*y - 691112 = -68*y - 3271976. Calculate the greatest common factor of y and 39.
39
Let k be (0/2 - -2)*(5 + 1). What is the greatest common factor of 4584 and k?
12
Suppose 304*p - 90163 - 234621 = -28080. Calculate the greatest common factor of p and 11956.
244
Suppose 0 = -83*c + 79*c + 1320. Suppose -510 = -7*f + c. Calculate the highest common divisor of f and 160.
40
Let c(l) = -107*l - 932. Let z be c(-9). Calculate the highest common divisor of z and 1550.
31
Suppose -5*v - 2*g + 2158 = 0, 201 = v + 3*g - 215. Calculate the highest common factor of v and 84.
14
Let r(s) = 131*s**2 - 16*s - 3. Let u be r(1). What is the highest common factor of 368 and u?
16
Suppose 0 = -26*a - 23*a - 53*a + 100674. Calculate the greatest common factor of a and 84.
21
Suppose 3*s = k - 40, s = 4*k - 104 - 1. Let r = -499 + 549. What is the highest common divisor of r and k?
25
Suppose 22 = 5*l - 8. Let i = l + 6. Suppose -i*r = -13*r + 49. What is the greatest common divisor of r and 7?
7
Let j be (-3*(-1)/2*-59)/(67/(-2412)). What is the greatest common divisor of 59 and j?
59
Let x be (-516)/(-1419) - (-33212)/22. What is the greatest common divisor of 70 and x?
10
Let t(r) = 25*r - 299. Let g(x) = 30*x - 300. Let m(v) = 3*g(v) - 2*t(v). Let a be m(18). What is the greatest common divisor of a and 22?
22
Suppose 960 = 5*f + 5*f. Let j = 2779 - 2539. Calculate the highest common factor of j and f.
48
Suppose 4*p - 1036 = 4*t, 0 = -2*t + 195 - 185. Calculate the greatest common divisor of p and 1728.
24
Let l be (-2 - (-12 + 6)) + 4*19. Let r be l/(5/(200/16)). What is the greatest common factor of r and 120?
40
Let g be -2640*((114/(-35) - -3) + (-57)/399). What is the greatest common factor of g and 297?
33
Let r(y) = y**3 + 13*y**2 - 32*y - 28. Let j be r(-14). Suppose -3*h - d = -39 - 47, 2*d - 88 = -3*h. Calculate the greatest common divisor of h and j.
28
Let p(z) = 41*z + 247. Let o be p(-5). Calculate the greatest common factor of o and 210.
42
Let o be (-63)/(-45) - (-363482)/245. Calculate the highest common divisor of 660 and o.
165
Let o(c) = c**2 + 10*c - 281. Let n be o(-23). What is the greatest common divisor of n and 78?
6
Let z(j) = 9*j + 229. Let c be z(-21). Let x = 368 + c. Calculate the highest common factor of 72 and x.
24
Let s = 103 + -103. Suppose 246*o - 251*o + 630 = s. Calculate the highest common divisor of 189 and o.
63
Let n(t) = 2*t**3 - t**2 + 4*t + 21. Let r be n(-5). Let o = -155 - r. Suppose -o = -6*z - 71. Calculate the greatest common factor of z and 2.
2
Suppose y + 8*u - 5*u - 7 = 0, 5*u = -4*y + 14. Suppose -y = -11*g + 14*g + 5*c, 13 = g - 5*c. What is the highest common factor of g and 210?
3
Let q(s) = 2*s**3 - 12*s**2 - 13*s + 53. Let o be q(9). Let k = o - 414. Calculate the greatest common factor of 232 and k.
8
Let n be 1/(3/(-33)) - 206998/(-194). Calculate the greatest common factor of n and 30.
6
Suppose -60659 = -27*m - 7361. What is the greatest common divisor of 84 and m?
42
Let w(y) = -2*y**3 - 13*y**2 - 15*y - 8. Let n be w(-8). Calculate the highest common factor of n and 17936.
304
Let x(u) = -33*u + 617. Let j be x(13). Calculate the highest common factor of 1222 and j.
94
Suppose 50 + 55 = 5*g - 4*t, -g + t = -22. Let u(y) = -y**3 - 50*y**2 - 55*y + 131. Let v be u(-49). What is the greatest common divisor of g and v?
17
Let q(j) = -j**2 + 7*j + 2. Let k be q(7). Suppose k*x = -2*x + 48. Let i = -84 + 120. Calculate the greatest common divisor of x and i.
12
Let l(v) = -v**3 + 11*v**2 - 20*v + 49. Let p be (-15)/(-5)*-6*3/(-6). Let m be l(p). Calculate the greatest common factor of 217 and m.
31
Let h = 61 - 43. Let w(f) = f**3 - 5*f**2 + 7*f - 8. Let j be w(4). Suppose 126 = j*d - h. What is the greatest common divisor of d and 18?
18
Let n be (-2256)/((-63)/(-12) - 6). What is the highest common factor of 47 and n?
47
Suppose -179 = -3*f - 47. Let i be (f/(-77))/((-4)/14). Let t = 27 - 25. What is the highest common divisor of t and i?
2
Let l(y) = -y**2 + 73*y - 1236. Let h be l(40). What is the greatest common divisor of 3066 and h?
42
Let x(u) = u**2 - 7*u + 5. Let f be x(7). Suppose -4 - 21 = -f*m. Calculate the greatest common divisor of m and 80.
5
Let z = 7269 + -5688. Calculate the greatest common divisor of z and 372.
93
Let d = 6572 + -4471. Calculate the greatest common divisor of d and 11.
11
Let j(l) = l**3 - l**2 - 1. Let q(m) = 8*m**3 + 8*m**2 - 19*m - 6. Let a(b) = 6*j(b) - q(b). Let g be a(-9). Calculate the highest common divisor of g and 68.
17
Suppose 598*c - 570*c = 317 - 9. What is the greatest common factor of c and 517?
11
Suppose 7879*v - 7880*v + 297 = 0. What is the highest common factor of 33 and v?
33
Let d be (-2 + 2)*6/(-12). Let x(a) = -a**3 + 19. Let c be x(d). Let v(p) = 28*p + 1. Let q be v(2). What is the highest common divisor of q and c?
19
Suppose -4 = -4*y + x, 0*y = 2*y + 4*x - 20. Let u be y*-1 - (133 - 12). Let m = -32 - u. What is the highest common factor of 13 and m?
13
Let n(a) = 6*a**2 - 3*a - 72. Let b be n(-7). Suppose 15*v = 1242 + b. What is the highest common factor of 165 and v?
33
Let p be (-6)/(-27)*9*118. Calculate the greatest common divisor of 7434 and p.
118
Let j be ((-7)/(84/(-8)))/((-1)/15). Let k be (-3 - j/4)*12. Let s be k - -15 - (-2 + 1). What is the highest common factor of s and 30?
10
Let c be ((-1026)/(-8))/3*4. Suppose -42*a + 19*a = -115. Suppose 4*k = -3*h + 41, -h + a*k + 12 = -27. What is the greatest common factor of c and h?
19
Suppose 33160 + 977 = 63*b - 14751. What is the highest common divisor of 56 and b?
8
Let b = -6529 - -7946. What is the highest common factor of b and 65?
13
Let k = 2590 + -2115. What is the highest common divisor of 19 and k?
19
Let d = -383 + 216. Let w = 824 - 433. Let g = d + w. What is the highest common factor of 28 and g?
28
Suppose 0 = -7*t + 36*t - 2378. Suppose n - 53 = -2*a, 3*a = n - 0*n + t. What is the greatest common factor of a and 729?
27
Let f(r) = 2*r**3 - 4*r**2 + 10*r. Let c be f(2). Suppose -26*g + 31*g - c = 0. Calculate the highest common divisor of 26 and g.
2
Let c be (-3)/((-3)/((-3)/(-1))). Suppose 6*r = 3*o + r + 80, 4*o + 3*r = -155. Let u = o + 40. What is the highest common divisor of u and c?
1
Suppose 31*y - 245 = 2700. Calculate the greatest common divisor of 152 and y.
19
Let g be 210/18 + 3/9. Suppose g = -u + 5*a + 10, 0 = 5*u - 2*a - 59. Calculate the greatest common divisor of u and 1339.
13
Let b(k) = 3*k**2 + 12*k - 17. Let g = 0 + 0. Suppose 10*m - 4*m + 42 = g. Let s be b(m). What is the greatest common factor of 69 and s?
23
Suppose -3*y = -17 - 52. Let k = 56 - y. Let v = k - 19. Calculate the highest common divisor of 63 and v.
7
Let q(k) = 2*k + 54. Let p be q(5). Suppose -5*x = 4*g - 8*x - 10, g - 12 = -4*x. Let i be (-6)/g*160/(-15). What is the greatest common factor of i and p?
16
Let p(x) = 6*x**2 - x + 4. Let s be p(3). Suppose -4*j + s = j. Let l(f) = f**2 - 6*f + 4. Let g be l(7). What is the highest common divisor of j and g?
11
Suppose z + z - 2*i = 474, 0 = z + 4*i - 212. Suppose -2*j = 5*j - 42. Suppose -m - j*m + 203 = 0. What is the greatest common factor of m and z?
29
Suppose -29 = 13*m - 16. Suppose -z -